{"id":5197,"date":"2017-07-22T13:22:00","date_gmt":"2017-07-22T12:22:00","guid":{"rendered":"http:\/\/quintette-altra.fr\/?page_id=5197"},"modified":"2022-07-08T13:49:48","modified_gmt":"2022-07-08T12:49:48","slug":"concerts","status":"publish","type":"page","link":"http:\/\/quintette-altra.fr\/index.php\/concerts\/","title":{"rendered":"Concerts"},"content":{"rendered":"\n<figure class=\"wp-block-table\"><table><tbody><tr><td>13 ao\u00fbt 2022<\/td><td>Les Folles Notes de Beauzac, Beauzac<\/td><\/tr><tr><td>07 juillet 2019<\/td><td>Chez Max, Lyon\/St Cyr<\/td><\/tr><tr><td>18 janvier 2019<\/td><td>\u00ab\u00a0Une histoire de quintette\u00a0\u00bb, Annecy<\/td><\/tr><tr><td>11 janvier 2019<\/td><td>\u00ab\u00a0Couleurs hongroises\u00a0\u00bb, Paris<\/td><\/tr><tr><td>17 ao\u00fbt 2018<\/td><td>Deajeon Cosmopolitan Music Festival, Daejeon<\/td><\/tr><tr><td>19 juin 2018<\/td><td>Festival Intervalles, Paris<\/td><\/tr><tr><td>16 avril 2018<\/td><td>Enregistrement Fondation Meyer \u00ab\u00a0Le voyage de Noah\u00a0\u00bb, Paris<\/td><\/tr><tr><td>13 f\u00e9vrier 2018<\/td><td>Concert Jeunes Talents \u00e0 l&rsquo;Hopit\u00e2l Robert Debr\u00e9, Paris<\/td><\/tr><tr><td>18 d\u00e9cembre 2017<\/td><td>Concert \u00e0 l&rsquo;Acad\u00e9mie Bach, Le Bouscat<\/td><\/tr><tr><td>21 octobre 2017<\/td><td>Concert \u00e0 l&rsquo;Epinette, Saint Lupicin<\/td><\/tr><tr><td>21 juillet 2017<\/td><td>Festival Format Raisins, La Charit\u00e9 sur Loire<\/td><\/tr><tr><td>08 juillet 2017<\/td><td>Concert au Ch\u00e2teau de Cingle, Vernas<\/td><\/tr><tr><td>04 juillet 2017<\/td><td>R\u00e9cital de master CNSMDP, Paris<\/td><\/tr><tr><td>27 juin 2017<\/td><td>Concert CMS Lecourbe, Paris<\/td><\/tr><tr><td>3 juin 2017<\/td><td>Concert au Palais Royal, Paris<\/td><\/tr><tr><td>31 mai 2017<\/td><td>Concert avec le Quatuor Yendo, Noisy le sec<\/td><\/tr><tr><td>26 mars 2017<\/td><td>Concert \u00e0 Communay, Communay<\/td><\/tr><tr><td>24 mars 2017<\/td><td>Concert \u00e0 JS musique, Lyon<\/td><\/tr><tr><td>22 mars 2017<\/td><td>Concert du Rotary Club, Bordeaux<\/td><\/tr><tr><td>5 mars 2017<\/td><td>Concert Art en Go\u00fbter, Nieul sur l&rsquo;Autise<\/td><\/tr><tr><td>21 janvier 2017<\/td><td>Concert au CMPR, Bobigny<\/td><\/tr><tr><td>26 novembre 2016<\/td><td>Concert au cin\u00e9ma Le Balzac, Paris<\/td><\/tr><tr><td>24 novembre 2016<\/td><td>Concert de Noel au CNSMDP, Paris<\/td><\/tr><tr><td>30 octobre 2016<\/td><td>Concert \u00e0 Cologny, Suisse<\/td><\/tr><tr><td>19 ao\u00fbt 2016<\/td><td>Concert au Festival Valdeseugne, Fontaine d&rsquo;Ozillac<\/td><\/tr><tr><td>2 ao\u00fbt 2016<\/td><td>Concert au Festival Musique en P\u00e9rigord Vert, Buissi\u00e8re Badil<\/td><\/tr><tr><td>18 juin 2016<\/td><td>Concert aux portes ouvertes de la Philarmonie de Paris, Paris<\/td><\/tr><tr><td>28 mai 2016<\/td><td>Concert au Ch\u00e2teau d&rsquo;Ecouen, Ecouen<\/td><\/tr><tr><td>13 mai 2016<\/td><td>Concert au Festival Musique d&rsquo;un Si\u00e8cle, Dieulefit<\/td><\/tr><tr><td>30 avril 2016<\/td><td>Concert d&rsquo;ouverture au Festival Jazz sous les Pommiers, avec l&rsquo;Orchestre R\u00e9gional de Normandie, Array<\/td><\/tr><tr><td>27 f\u00e9vrier 2016<\/td><td>Emission G\u00e9n\u00e9ration Jeunes Interpr\u00e8tes (Radio France), Paris<\/td><\/tr><tr><td>05 f\u00e9vrier 2016<\/td><td>Concert au Festival Vents d&rsquo;Hiver, Mus\u00e9e des arm\u00e9es, H\u00f4tel des Invalides, Paris<\/td><\/tr><tr><td>03 f\u00e9vrier 2016<\/td><td>Pr\u00e9lude au concert de la Philharmonie de Paris<\/td><\/tr><tr><td>12 d\u00e9cembre 2015<\/td><td>Concert de No\u00ebl \u00e0 l&rsquo;h\u00f4pital Trousseau, Paris<\/td><\/tr><tr><td>27 octobre 2015<\/td><td>Cin\u00e9-concert Festival \u00ab&nbsp;Trois, Quatre&nbsp;\u00bb, Cin\u00e9ma Majestic Passy, Paris<\/td><\/tr><tr><td>11 octobre 2015<\/td><td>D\u00e9jeuner concert, Lentilly<\/td><\/tr><\/tbody><\/table><\/figure>\n","protected":false},"excerpt":{"rendered":"<p>13 ao\u00fbt 2022 Les Folles Notes de Beauzac, Beauzac 07 juillet 2019 Chez Max, Lyon\/St Cyr 18 janvier 2019 \u00ab\u00a0Une histoire de quintette\u00a0\u00bb, Annecy 11 janvier 2019 \u00ab\u00a0Couleurs hongroises\u00a0\u00bb, Paris 17 ao\u00fbt 2018 Deajeon Cosmopolitan Music Festival, Daejeon 19 juin [&hellip;]<\/p>\n","protected":false},"author":1,"featured_media":0,"parent":0,"menu_order":0,"comment_status":"closed","ping_status":"closed","template":"","meta":{"_mi_skip_tracking":false},"acf":[],"_links":{"self":[{"href":"http:\/\/quintette-altra.fr\/index.php\/wp-json\/wp\/v2\/pages\/5197"}],"collection":[{"href":"http:\/\/quintette-altra.fr\/index.php\/wp-json\/wp\/v2\/pages"}],"about":[{"href":"http:\/\/quintette-altra.fr\/index.php\/wp-json\/wp\/v2\/types\/page"}],"author":[{"embeddable":true,"href":"http:\/\/quintette-altra.fr\/index.php\/wp-json\/wp\/v2\/users\/1"}],"replies":[{"embeddable":true,"href":"http:\/\/quintette-altra.fr\/index.php\/wp-json\/wp\/v2\/comments?post=5197"}],"version-history":[{"count":10,"href":"http:\/\/quintette-altra.fr\/index.php\/wp-json\/wp\/v2\/pages\/5197\/revisions"}],"predecessor-version":[{"id":5821,"href":"http:\/\/quintette-altra.fr\/index.php\/wp-json\/wp\/v2\/pages\/5197\/revisions\/5821"}],"wp:attachment":[{"href":"http:\/\/quintette-altra.fr\/index.php\/wp-json\/wp\/v2\/media?parent=5197"}],"curies":[{"name":"wp","href":"https:\/\/api.w.org\/{rel}","templated":true}]}}

<figure class="wp-block-table"><table><tbody><tr><td>13 août 2022</td><td>Les Folles Notes de Beauzac, Beauzac</td></tr><tr><td>07 juillet 2019</td><td>Chez Max, Lyon/St Cyr</td></tr><tr><td>18 janvier 2019</td><td>« Une histoire de quintette », Annecy</td></tr><tr><td>11 janvier 2019</td><td>« Couleurs hongroises », Paris</td></tr><tr><td>17 août 2018</td><td>Deajeon Cosmopolitan Music Festival, Daejeon</td></tr><tr><td>19 juin 2018</td><td>Festival Intervalles, Paris</td></tr><tr><td>16 avril 2018</td><td>Enregistrement Fondation Meyer « Le voyage de Noah », Paris</td></tr><tr><td>13 février 2018</td><td>Concert Jeunes Talents à l&rsquo;Hopitâl Robert Debré, Paris</td></tr><tr><td>18 décembre 2017</td><td>Concert à l&rsquo;Académie Bach, Le Bouscat</td></tr><tr><td>21 octobre 2017</td><td>Concert à l&rsquo;Epinette, Saint Lupicin</td></tr><tr><td>21 juillet 2017</td><td>Festival Format Raisins, La Charité sur Loire</td></tr><tr><td>08 juillet 2017</td><td>Concert au Château de Cingle, Vernas</td></tr><tr><td>04 juillet 2017</td><td>Récital de master CNSMDP, Paris</td></tr><tr><td>27 juin 2017</td><td>Concert CMS Lecourbe, Paris</td></tr><tr><td>3 juin 2017</td><td>Concert au Palais Royal, Paris</td></tr><tr><td>31 mai 2017</td><td>Concert avec le Quatuor Yendo, Noisy le sec</td></tr><tr><td>26 mars 2017</td><td>Concert à Communay, Communay</td></tr><tr><td>24 mars 2017</td><td>Concert à JS musique, Lyon</td></tr><tr><td>22 mars 2017</td><td>Concert du Rotary Club, Bordeaux</td></tr><tr><td>5 mars 2017</td><td>Concert Art en Goûter, Nieul sur l&rsquo;Autise</td></tr><tr><td>21 janvier 2017</td><td>Concert au CMPR, Bobigny</td></tr><tr><td>26 novembre 2016</td><td>Concert au cinéma Le Balzac, Paris</td></tr><tr><td>24 novembre 2016</td><td>Concert de Noel au CNSMDP, Paris</td></tr><tr><td>30 octobre 2016</td><td>Concert à Cologny, Suisse</td></tr><tr><td>19 août 2016</td><td>Concert au Festival Valdeseugne, Fontaine d&rsquo;Ozillac</td></tr><tr><td>2 août 2016</td><td>Concert au Festival Musique en Périgord Vert, Buissière Badil</td></tr><tr><td>18 juin 2016</td><td>Concert aux portes ouvertes de la Philarmonie de Paris, Paris</td></tr><tr><td>28 mai 2016</td><td>Concert au Château d&rsquo;Ecouen, Ecouen</td></tr><tr><td>13 mai 2016</td><td>Concert au Festival Musique d&rsquo;un Siècle, Dieulefit</td></tr><tr><td>30 avril 2016</td><td>Concert d&rsquo;ouverture au Festival Jazz sous les Pommiers, avec l&rsquo;Orchestre Régional de Normandie, Array</td></tr><tr><td>27 février 2016</td><td>Emission Génération Jeunes Interprètes (Radio France), Paris</td></tr><tr><td>05 février 2016</td><td>Concert au Festival Vents d&rsquo;Hiver, Musée des armées, Hôtel des Invalides, Paris</td></tr><tr><td>03 février 2016</td><td>Prélude au concert de la Philharmonie de Paris</td></tr><tr><td>12 décembre 2015</td><td>Concert de Noël à l&rsquo;hôpital Trousseau, Paris</td></tr><tr><td>27 octobre 2015</td><td>Ciné-concert Festival «&nbsp;Trois, Quatre&nbsp;», Cinéma Majestic Passy, Paris</td></tr><tr><td>11 octobre 2015</td><td>Déjeuner concert, Lentilly</td></tr></tbody></table></figure>

<p>13 août 2022 Les Folles Notes de Beauzac, Beauzac 07 juillet 2019 Chez Max, Lyon/St Cyr 18 janvier 2019 « Une histoire de quintette », Annecy 11 janvier 2019 « Couleurs hongroises », Paris 17 août 2018 Deajeon Cosmopolitan Music Festival, Daejeon 19 juin [&hellip;]</p>
